{"id":8134,"date":"2016-07-11T15:54:44","date_gmt":"2016-07-11T18:54:44","guid":{"rendered":"http:\/\/www.fumssar.com.br\/?page_id=8134"},"modified":"2021-05-19T13:50:19","modified_gmt":"2021-05-19T16:50:19","slug":"cerest-centro-de-referencia-em-saude-do-trabalhador","status":"publish","type":"page","link":"https:\/\/www.fumssar.com.br\/?page_id=8134","title":{"rendered":"CEREST \u2013 Centro de Refer\u00eancia em Sa\u00fade do Trabalhador"},"content":{"rendered":"<h3><strong>CEREST \u2013 Centro de Refer\u00eancia em Sa\u00fade do Trabalhador<\/strong><\/h3>\n<h4><strong>Contatos<\/strong><\/h4>\n<p><strong>Telefone:<\/strong> (55) 3513-5165<br \/>\n<strong>Email:<\/strong> cerestsantarosa@fumssar.com.br<\/p>\n<p>&#8212;<\/p>\n<h4><strong>Endere\u00e7o<\/strong><\/h4>\n<p>Rua Boa Vista, 335, Centro, Santa Rosa \u2013 RS (1\u00ba Andar)<\/p>\n<p><iframe loading=\"lazy\" style=\"border: 0;\" src=\"https:\/\/www.google.com\/maps\/embed?pb=!1m18!1m12!1m3!1d1281.2119431583455!2d-54.48623194544609!3d-27.868223998471958!2m3!1f0!2f0!3f0!3m2!1i1024!2i768!4f13.1!3m3!1m2!1s0x0%3A0x0!2zMjfCsDUyJzA1LjYiUyA1NMKwMjknMDguMSJX!5e1!3m2!1spt-BR!2sbr!4v1541072801754\" width=\"400\" height=\"300\" frameborder=\"0\" allowfullscreen=\"allowfullscreen\"><\/iframe><\/p>\n<p>&#8212;<\/p>\n<p><strong>Hor\u00e1rio de atendimento:<\/strong><br \/>\nSegunda-feira a sexta-feira<br \/>\nManh\u00e3: 7:30h \u00e0s 11:30h<br \/>\nTarde: 13:30h \u00e0s 17:30h<\/p>\n<p>&#8212;<\/p>\n<h4><strong>Equipe<\/strong><\/h4>\n<p><a href=\"http:\/\/www.fumssar.com.br\/wp-content\/uploads\/2021\/03\/Equipe-Cerest.pdf\" target=\"_blank\" rel=\"noopener noreferrer\"><img loading=\"lazy\" decoding=\"async\" class=\"alignnone\" src=\"http:\/\/www.fumssar.com.br\/wp-content\/uploads\/2016\/10\/botao-profissionais-da-UBS.jpg\" alt=\"\" width=\"352\" height=\"82\" \/><\/a><\/p>\n<p>&#8212;<\/p>\n<p><a href=\"http:\/\/www.fumssar.com.br\/wp-content\/uploads\/2016\/07\/equipe-cerest.jpg\"><img decoding=\"async\" class=\"alignnone size-medium wp-image-346\" src=\"http:\/\/www.fumssar.com.br\/wp-content\/uploads\/2016\/07\/equipe-cerest.jpg\" alt=\"\" width=\"300\" \/><\/a><\/p>\n<p>&#8212;<\/p>\n<h4><strong>Hist\u00f3rico<\/strong><\/h4>\n<p align=\"justify\">Desenvolve suas atividades desde 11 de novembro do ano de 2013.<\/p>\n<p align=\"justify\">Foi fundado com o intuito da necessidade de qualificar e aproximar cada vez mais os munic\u00edpios \u00e0 aten\u00e7\u00e3o integral em sa\u00fade do trabalhador, atrav\u00e9s de uma \u00e1rea de menor abrang\u00eancia, que possibilita o contato mais frequente, atrav\u00e9s de visitas e acompanhamento da equipe do CEREST na realiza\u00e7\u00e3o das a\u00e7\u00f5es e organiza\u00e7\u00e3o do servi\u00e7o nos munic\u00edpios. Foi escolhido o munic\u00edpio de Santa Rosa para ser sede por ser polo regional de ind\u00fastrias no ramo de alimenta\u00e7\u00e3o (ind\u00fastrias e agroind\u00fastrias), metalmec\u00e2nico e de produ\u00e7\u00e3o agr\u00edcola.<\/p>\n<p align=\"justify\">O Cerest Fronteira Noroeste \u00e9 um servi\u00e7o especializado na \u00e1rea de sa\u00fade do trabalhador, tendo como principal objetivo a preven\u00e7\u00e3o de acidentes e doen\u00e7as relacionadas ao trabalho, numa \u00e1rea de abrang\u00eancia que envolve 22 munic\u00edpios da regi\u00e3o noroeste, quais sejam: Alecrim, Alegria, Boa Vista do Buric\u00e1, Campina das Miss\u00f5es, C\u00e2ndido God\u00f3i, Doutor Maur\u00edcio Cardoso, Giru\u00e1, Horizontina, Independ\u00eancia, Nova Candel\u00e1ria, Novo Machado, Porto Lucena, Porto Mau\u00e1, Porto Vera Cruz, Santa Rosa, Santo Cristo, S\u00e3o Jos\u00e9 do Inhacor\u00e1, S\u00e3o Paulo das Miss\u00f5es, Senador Salgado Filho, Tr\u00eas de Maio, Tucunduva e Tuparendi.<\/p>\n<p align=\"justify\">Atua atrav\u00e9s de tr\u00eas n\u00facleos: educa\u00e7\u00e3o e a\u00e7\u00f5es interinstitucionais, vigil\u00e2ncia em sa\u00fade do trabalhador e assist\u00eancia e reabilita\u00e7\u00e3o.<\/p>\n","protected":false},"excerpt":{"rendered":"<p>CEREST \u2013 Centro de Refer\u00eancia em Sa\u00fade do Trabalhador Contatos Telefone: (55) 3513-5165 Email: cerestsantarosa@fumssar.com.br&#8230;<\/p>\n","protected":false},"author":16,"featured_media":0,"parent":224,"menu_order":0,"comment_status":"closed","ping_status":"open","template":"","meta":{"footnotes":""},"_links":{"self":[{"href":"https:\/\/www.fumssar.com.br\/index.php?rest_route=\/wp\/v2\/pages\/8134"}],"collection":[{"href":"https:\/\/www.fumssar.com.br\/index.php?rest_route=\/wp\/v2\/pages"}],"about":[{"href":"https:\/\/www.fumssar.com.br\/index.php?rest_route=\/wp\/v2\/types\/page"}],"author":[{"embeddable":true,"href":"https:\/\/www.fumssar.com.br\/index.php?rest_route=\/wp\/v2\/users\/16"}],"replies":[{"embeddable":true,"href":"https:\/\/www.fumssar.com.br\/index.php?rest_route=%2Fwp%2Fv2%2Fcomments&post=8134"}],"version-history":[{"count":12,"href":"https:\/\/www.fumssar.com.br\/index.php?rest_route=\/wp\/v2\/pages\/8134\/revisions"}],"predecessor-version":[{"id":17117,"href":"https:\/\/www.fumssar.com.br\/index.php?rest_route=\/wp\/v2\/pages\/8134\/revisions\/17117"}],"up":[{"embeddable":true,"href":"https:\/\/www.fumssar.com.br\/index.php?rest_route=\/wp\/v2\/pages\/224"}],"wp:attachment":[{"href":"https:\/\/www.fumssar.com.br\/index.php?rest_route=%2Fwp%2Fv2%2Fmedia&parent=8134"}],"curies":[{"name":"wp","href":"https:\/\/api.w.org\/{rel}","templated":true}]}}