{"id":304,"date":"2013-12-06T11:19:26","date_gmt":"2013-12-06T11:19:26","guid":{"rendered":"http:\/\/www.fumssar.com.br\/?page_id=304"},"modified":"2021-05-19T14:14:31","modified_gmt":"2021-05-19T17:14:31","slug":"servicos-auxiliares","status":"publish","type":"page","link":"https:\/\/www.fumssar.com.br\/?page_id=304","title":{"rendered":"Servi\u00e7os Auxiliares"},"content":{"rendered":"<h3><strong>Servi\u00e7os Auxiliares<\/strong><\/h3>\n<h4><strong>Contatos<\/strong><\/h4>\n<p><strong>Telefone:<\/strong> (55) 3513-5133<br \/>\n<strong>Email:<\/strong> transporte@fumssar.com.br<\/p>\n<p>&#8212;<\/p>\n<h4>Motoristas:<\/h4>\n<p>Alvaro Jos\u00e9 Goulart<br \/>\nClaudio Antonio Cogo<br \/>\nEdson Antonio Ferreira<br \/>\nEduardo Cristiano Rossoni<br \/>\nEloi Bambarger<br \/>\nGeovani Dallabona<br \/>\nGiovani Magnabosco<br \/>\nGuido Rex<br \/>\nJo\u00e3o Batista Motta<br \/>\nJo\u00e3o Carlos de Oliveira<br \/>\nMarcio Andre Rost<br \/>\nMarco Antonio Riffel<br \/>\nRegis Roberto Bonmann<br \/>\nRodrigo Witkoski<br \/>\nS\u00e9rgio Renato Sausen<br \/>\nValdomiro Leite<\/p>\n<p>&#8212;<\/p>\n<h4><strong>Endere\u00e7o<\/strong><\/h4>\n<p>Rua Francisco Timm, 480, Centro, Santa Rosa &#8211; RS, 98780-803<\/p>\n<p><iframe loading=\"lazy\" style=\"border: 0;\" src=\"https:\/\/www.google.com\/maps\/embed?pb=!1m18!1m12!1m3!1d1041.231337642245!2d-54.48518296234165!3d-27.868571722568547!2m3!1f0!2f0!3f0!3m2!1i1024!2i768!4f13.1!3m3!1m2!1s0x94f9343427dfe3b7%3A0xd098ba264976a973!2sR.+Dr.+Francisco+Timm%2C+480+-+Centro%2C+Santa+Rosa+-+RS%2C+98900-000!5e1!3m2!1spt-BR!2sbr!4v1467921740795\" width=\"400\" height=\"300\" frameborder=\"0\" allowfullscreen=\"allowfullscreen\"><\/iframe><\/p>\n<p>&#8212;<\/p>\n<h4><strong>Atividades<\/strong><\/h4>\n<p align=\"justify\">A Se\u00e7\u00e3o de Servi\u00e7os Auxiliares \u00e9 respons\u00e1vel por transportar usu\u00e1rios, servidores, materiais e documentos da FUMSSAR, bem como agendar alguns exames e consultas em outros munic\u00edpios, conforme solicitado pelos usu\u00e1rios. Controlamos tamb\u00e9m a conserva\u00e7\u00e3o e encaminhamos para manuten\u00e7\u00e3o a frota ve\u00edculos.<\/p>\n","protected":false},"excerpt":{"rendered":"<p>Servi\u00e7os Auxiliares Contatos Telefone: (55) 3513-5133 Email: transporte@fumssar.com.br &#8212; Motoristas: Alvaro Jos\u00e9 Goulart Claudio Antonio&#8230;<\/p>\n","protected":false},"author":1,"featured_media":0,"parent":231,"menu_order":0,"comment_status":"closed","ping_status":"open","template":"","meta":{"footnotes":""},"_links":{"self":[{"href":"https:\/\/www.fumssar.com.br\/index.php?rest_route=\/wp\/v2\/pages\/304"}],"collection":[{"href":"https:\/\/www.fumssar.com.br\/index.php?rest_route=\/wp\/v2\/pages"}],"about":[{"href":"https:\/\/www.fumssar.com.br\/index.php?rest_route=\/wp\/v2\/types\/page"}],"author":[{"embeddable":true,"href":"https:\/\/www.fumssar.com.br\/index.php?rest_route=\/wp\/v2\/users\/1"}],"replies":[{"embeddable":true,"href":"https:\/\/www.fumssar.com.br\/index.php?rest_route=%2Fwp%2Fv2%2Fcomments&post=304"}],"version-history":[{"count":10,"href":"https:\/\/www.fumssar.com.br\/index.php?rest_route=\/wp\/v2\/pages\/304\/revisions"}],"predecessor-version":[{"id":17132,"href":"https:\/\/www.fumssar.com.br\/index.php?rest_route=\/wp\/v2\/pages\/304\/revisions\/17132"}],"up":[{"embeddable":true,"href":"https:\/\/www.fumssar.com.br\/index.php?rest_route=\/wp\/v2\/pages\/231"}],"wp:attachment":[{"href":"https:\/\/www.fumssar.com.br\/index.php?rest_route=%2Fwp%2Fv2%2Fmedia&parent=304"}],"curies":[{"name":"wp","href":"https:\/\/api.w.org\/{rel}","templated":true}]}}