{"id":19,"date":"2013-11-22T18:38:34","date_gmt":"2013-11-22T18:38:34","guid":{"rendered":"http:\/\/www.fumssar.com.br\/?page_id=19"},"modified":"2016-12-21T07:36:49","modified_gmt":"2016-12-21T10:36:49","slug":"historico","status":"publish","type":"page","link":"https:\/\/www.fumssar.com.br\/?page_id=19","title":{"rendered":"Hist\u00f3rico"},"content":{"rendered":"<p><font color=\"black\"><\/p>\n<h4><strong>HIST\u00d3RICO<\/strong><\/h4>\n<p align=\"justify\">O Sistema de Sa\u00fade de Santa Rosa possui aspectos relevantes em seu processo de constru\u00e7\u00e3o. At\u00e9 dezembro de 1992 as a\u00e7\u00f5es em sa\u00fade eram desenvolvidas pelo estado, uni\u00e3o e pelo munic\u00edpio em pequena parcela.<\/p>\n<p align=\"justify\">No in\u00edcio de 1993 o munic\u00edpio assumiu o desenvolvimento das a\u00e7\u00f5es de sa\u00fade. Foi constitu\u00eddo o conselho municipal de sa\u00fade o qual o qual teve papel decisivo na cria\u00e7\u00e3o da Funda\u00e7\u00e3o Municipal de Sa\u00fade.<\/p>\n<p align=\"justify\">A partir da decis\u00e3o pol\u00edtica, da mobiliza\u00e7\u00e3o da comunidade e do apoio dos trabalhadores de sa\u00fade foi adotado um modelo de sa\u00fade que se fundamentava nos objetivos e diretrizes do sistema \u00fanico de sa\u00fade (SUS). As unidades de sa\u00fade foram reorganizadas com amplia\u00e7\u00e3o dos servi\u00e7os de sa\u00fade, houve a distritaliza\u00e7\u00e3o dos territ\u00f3rios e a composi\u00e7\u00e3o das equipes multiprofissionais.<\/p>\n<p align=\"justify\">Atrav\u00e9s da lei 2.495 de 04 de janeiro de 1993, foi criado o fundo municipal de sa\u00fade concretizando uma importante iniciativa do munic\u00edpio, pois com isso se garantiu o repasse do recurso do munic\u00edpio na sa\u00fade em conta espec\u00edfica.<\/p>\n<p align=\"justify\">A FUMSSAR foi criada no ano de 1995 com o objetivo de ser uma importante ferramenta de gest\u00e3o com maior autonomia nos processos, possibilitando assim maior resolutividade nos atendimentos. Outro aspecto importante \u00e9 a vincula\u00e7\u00e3o de profissionais com atividades exclusivas, os quais se dedicam unicamente aos atendimentos dos pacientes nas unidades de sa\u00fade.<\/p>\n<p><\/font><\/p>\n","protected":false},"excerpt":{"rendered":"<p>HIST\u00d3RICO O Sistema de Sa\u00fade de Santa Rosa possui aspectos relevantes em seu processo de&#8230;<\/p>\n","protected":false},"author":1,"featured_media":0,"parent":17,"menu_order":0,"comment_status":"closed","ping_status":"open","template":"","meta":{"footnotes":""},"_links":{"self":[{"href":"https:\/\/www.fumssar.com.br\/index.php?rest_route=\/wp\/v2\/pages\/19"}],"collection":[{"href":"https:\/\/www.fumssar.com.br\/index.php?rest_route=\/wp\/v2\/pages"}],"about":[{"href":"https:\/\/www.fumssar.com.br\/index.php?rest_route=\/wp\/v2\/types\/page"}],"author":[{"embeddable":true,"href":"https:\/\/www.fumssar.com.br\/index.php?rest_route=\/wp\/v2\/users\/1"}],"replies":[{"embeddable":true,"href":"https:\/\/www.fumssar.com.br\/index.php?rest_route=%2Fwp%2Fv2%2Fcomments&post=19"}],"version-history":[{"count":8,"href":"https:\/\/www.fumssar.com.br\/index.php?rest_route=\/wp\/v2\/pages\/19\/revisions"}],"predecessor-version":[{"id":9210,"href":"https:\/\/www.fumssar.com.br\/index.php?rest_route=\/wp\/v2\/pages\/19\/revisions\/9210"}],"up":[{"embeddable":true,"href":"https:\/\/www.fumssar.com.br\/index.php?rest_route=\/wp\/v2\/pages\/17"}],"wp:attachment":[{"href":"https:\/\/www.fumssar.com.br\/index.php?rest_route=%2Fwp%2Fv2%2Fmedia&parent=19"}],"curies":[{"name":"wp","href":"https:\/\/api.w.org\/{rel}","templated":true}]}}