{"id":1792,"date":"2014-05-26T12:24:59","date_gmt":"2014-05-26T12:24:59","guid":{"rendered":"http:\/\/www.fumssar.com.br\/?page_id=1792"},"modified":"2016-12-21T07:51:04","modified_gmt":"2016-12-21T10:51:04","slug":"institucional-gestao-estrategica","status":"publish","type":"page","link":"https:\/\/www.fumssar.com.br\/?page_id=1792","title":{"rendered":"Institucional > Sobre a FUMSSAR"},"content":{"rendered":"<p><font color=\"black\"><\/p>\n<p><strong>Neg\u00f3cios:<\/strong><\/p>\n<p align=\"justify\">Prestar cuidados de sa\u00fade na busca de integralidade no munic\u00edpio de Santa Rosa.<\/p>\n<p><P>&#8212;<\/P><\/p>\n<p><strong>Miss\u00e3o:<\/strong><\/p>\n<p align=\"justify\">Melhorar a qualidade de vida da popula\u00e7\u00e3o atrav\u00e9s de pol\u00edticas p\u00fablicas que assegurem o desenvolvimento de a\u00e7\u00f5es e servi\u00e7os de acordo com as necessidades da popula\u00e7\u00e3o com a participa\u00e7\u00e3o da comunidade embasado nos princ\u00edpios do Sistema \u00danico de Sa\u00fade.<\/p>\n<p><P>&#8212;<\/P><\/p>\n<p><strong>Vis\u00e3o de Futuro:<\/strong><\/p>\n<p align=\"justify\">Tornar-se  reconhecida  pelas a\u00e7\u00f5es e servi\u00e7os de sa\u00fade prestadas, buscando a participa\u00e7\u00e3o da comunidade e dos trabalhadores da sa\u00fade no compromisso com a excel\u00eancia como institui\u00e7\u00e3o p\u00fablica.<\/p>\n<p><P>&#8212;<\/P><\/p>\n<p><strong>Objetivos:<\/strong><\/p>\n<p align=\"justify\">Prestar cuidado qualificado em sa\u00fade no munic\u00edpio de Santa Rosa atrav\u00e9s da execu\u00e7\u00e3o da pol\u00edtica municipal de sa\u00fade, utilizando-se do planejamento participativo e sistem\u00e1tico das a\u00e7\u00f5es a serem executadas, dos servi\u00e7os prestados, bem como, as articula\u00e7\u00f5es das refer\u00eancias para encaminhamentos aos n\u00edveis complementares conforme a necessidade dos usu\u00e1rios.<br \/>\n<br \/>\nOrganizar as a\u00e7\u00f5es administrativas a fim de atingir os objetivos propostos com efici\u00eancia e efic\u00e1cia.<br \/>\n<br \/>\nRacionalizar a\u00e7\u00f5es para o desenvolvimento de um trabalho harmonioso e de qualidade, incentivando os profissionais, funcion\u00e1rios, gestores da \u00e1rea da sa\u00fade, a organizarem e desenvolverem a\u00e7\u00f5es permanentes e transformadoras.<\/p>\n<p>\n<P>&#8212;<\/P><\/p>\n<h3><strong>Documentos:<\/strong><\/h3>\n<hr>\n<p>\n<strong>Plano Municipal de Sa\u00fade<\/strong><br \/>\n<a href=\"http:\/\/www.fumssar.com.br\/wp-content\/uploads\/2016\/12\/Plano_Municipal_de_Sa\u00fade_final-2014-2017-Santa-Rosa-Via-14\u00aa-CRS.pdf\">Clique aqui para visualizar o Plano Municipal de Sa\u00fade 2014-2017<\/a><\/p>\n<p><strong>Relat\u00f3rio de Gest\u00e3o<\/strong><br \/>\n<a href=\"http:\/\/www.fumssar.com.br\/wp-content\/uploads\/2014\/05\/Relat\u00f3rio_2013_e_3\u00ba_quadrimestre_2013_Para_o_Conselho_Municipal_de_Sa\u00fade_e_C\u00e2mara_de_Vereadores_Pronto.pdf\">Clique aqui para visualizar o Relat\u00f3rio de Gest\u00e3o 2013<\/a><\/p>\n<p><\/font><\/p>\n","protected":false},"excerpt":{"rendered":"<p>Neg\u00f3cios: Prestar cuidados de sa\u00fade na busca de integralidade no munic\u00edpio de Santa Rosa. &#8212;&#8230;<\/p>\n","protected":false},"author":1,"featured_media":0,"parent":17,"menu_order":0,"comment_status":"closed","ping_status":"open","template":"","meta":{"footnotes":""},"_links":{"self":[{"href":"https:\/\/www.fumssar.com.br\/index.php?rest_route=\/wp\/v2\/pages\/1792"}],"collection":[{"href":"https:\/\/www.fumssar.com.br\/index.php?rest_route=\/wp\/v2\/pages"}],"about":[{"href":"https:\/\/www.fumssar.com.br\/index.php?rest_route=\/wp\/v2\/types\/page"}],"author":[{"embeddable":true,"href":"https:\/\/www.fumssar.com.br\/index.php?rest_route=\/wp\/v2\/users\/1"}],"replies":[{"embeddable":true,"href":"https:\/\/www.fumssar.com.br\/index.php?rest_route=%2Fwp%2Fv2%2Fcomments&post=1792"}],"version-history":[{"count":22,"href":"https:\/\/www.fumssar.com.br\/index.php?rest_route=\/wp\/v2\/pages\/1792\/revisions"}],"predecessor-version":[{"id":9217,"href":"https:\/\/www.fumssar.com.br\/index.php?rest_route=\/wp\/v2\/pages\/1792\/revisions\/9217"}],"up":[{"embeddable":true,"href":"https:\/\/www.fumssar.com.br\/index.php?rest_route=\/wp\/v2\/pages\/17"}],"wp:attachment":[{"href":"https:\/\/www.fumssar.com.br\/index.php?rest_route=%2Fwp%2Fv2%2Fmedia&parent=1792"}],"curies":[{"name":"wp","href":"https:\/\/api.w.org\/{rel}","templated":true}]}}