{"id":37,"date":"2013-11-22T19:00:07","date_gmt":"2013-11-22T19:00:07","guid":{"rendered":"http:\/\/www.fumssar.com.br\/?page_id=37"},"modified":"2021-06-23T10:38:16","modified_gmt":"2021-06-23T13:38:16","slug":"historico","status":"publish","type":"page","link":"http:\/\/www.fumssar.com.br\/?page_id=37","title":{"rendered":"Unidades de Sa\u00fade > Posto de Sa\u00fade Sulina > Sobre o Posto"},"content":{"rendered":"<h3><strong>Sulina<\/strong><\/h3>\n<h4><strong>Contatos<\/strong><\/h4>\n<p><strong>Telefone:<\/strong> (55) 3513-5181 | 99660-8289<br \/>\n<strong>Email:<\/strong> ubssulina@fumssar.com.br<\/p>\n<p>&#8212;<\/p>\n<h4><strong>Endere\u00e7o<\/strong><\/h4>\n<p>Travessa Tapes, 220, Sulina, Santa Rosa &#8211; RS<\/p>\n<p><iframe loading=\"lazy\" style=\"border: 0;\" src=\"https:\/\/www.google.com\/maps\/embed?pb=!1m18!1m12!1m3!1d1059.7061771743486!2d-54.495154669516374!3d-27.87250758653367!2m3!1f0!2f0!3f0!3m2!1i1024!2i768!4f13.1!3m3!1m2!1s0x0%3A0x0!2zMjfCsDUyJzIxLjAiUyA1NMKwMjknNDAuMiJX!5e1!3m2!1spt-BR!2sbr!4v1467917730583\" width=\"400\" height=\"300\" frameborder=\"0\" allowfullscreen=\"allowfullscreen\"><\/iframe><\/p>\n<p>&#8212;<\/p>\n<h4><strong>Hor\u00e1rio de Atendimento<\/strong><\/h4>\n<p><strong>Segunda \u00e0 Sexta-Feira<\/strong><br \/>\n<strong>Manh\u00e3:<\/strong> 7:30 \u00e0s 11:15<br \/>\n<strong>Tarde:<\/strong> 13:30 \u00e0s 17:15<\/p>\n<p>&#8212;<\/p>\n<h4><strong>Equipe<\/strong><\/h4>\n<p><a href=\"http:\/\/www.fumssar.com.br\/wp-content\/uploads\/2016\/10\/Sulina.pdf\" target=\"_blank\" rel=\"noopener noreferrer\"><img decoding=\"async\" class=\"\" src=\"http:\/\/www.fumssar.com.br\/wp-content\/uploads\/2016\/10\/botao-profissionais-da-UBS.jpg\" alt=\"\" width=\"\" height=\"\" \/><\/a><\/p>\n<p>&#8212;<\/p>\n<h4><strong>Hist\u00f3rico<\/strong><\/h4>\n<p>O in\u00edcio dos atendimentos junto a comunidade da Sulina deu-se na estrutura f\u00edsica do SESI, j\u00e1 em per\u00edodo anterior a 1994 com o atendimento ambulatorial por m\u00e9dico cl\u00ednico, pediatra, ginecologista, enfermeiro, no entanto n\u00e3o conseguimos resgatar, muitos dados desta hist\u00f3ria.<\/p>\n<p>Na administra\u00e7\u00e3o do ent\u00e3o prefeito Osmar Terra houve a reestrutura\u00e7\u00e3o do servi\u00e7o para a l\u00f3gica da PSF em 1996, no entanto a estrutura f\u00edsica continuava prec\u00e1ria junto as SESI.<\/p>\n<p>A c\u00e2mara de vereadores procurada por funcion\u00e1rios em busca de melhores condi\u00e7\u00f5es de trabalho e sens\u00edvel \u00e0 demanda dos mesmos, repassou dinheiro aos cofres municipais para a constru\u00e7\u00e3o de uma nova unidade de sa\u00fade. Em outubro de 2004 a obra foi empenhada, tendo, no entanto sido finalizada e inaugurada apenas em novembro de 2006.<\/p>\n<p>Desde o in\u00edcio o Posto de Sa\u00fade foi constru\u00eddo pensando na l\u00f3gica de duas ESF, atendendo no mesmo espa\u00e7o f\u00edsico, A constru\u00e7\u00e3o iniciou-se na Gest\u00e3o do Presidente da FUMSSAR \u2013 Joel Faccin e como diretora da Aten\u00e7\u00e3o B\u00e1sica \u00e0 Sa\u00fade a Sr\u00aa Rosemeri Krieser, e finalizada em 2006 na gest\u00e3o do Presidente da FUMSSAR Sr. David Pereira da Silva e Diretora da Aten\u00e7\u00e3o B\u00e1sica \u00e0 Sa\u00fade a Sr\u00aa. Maria Benilde Scherer.<\/p>\n<p>No entanto apesar da estrutura f\u00edsica instalada at\u00e9 2009 o atendimento a popula\u00e7\u00e3o era realizado por apenas uma equipe de PSF, al\u00e9m de um m\u00e9dico cl\u00ednico 20 horas e uma pediatra 20 horas.<\/p>\n<p>A partir se 2009 na gest\u00e3o da Presidenta da FUMSSAR- Karina Wahhab Kucharski e como Diretora da Aten\u00e7\u00e3o B\u00e1sica \u00e0 Sa\u00fade a Sr\u00aa Glaci Weber Gauger, foi implantada a segunda equipe da Estrat\u00e9gia de Sa\u00fade da Fam\u00edlia, tendo sido a partir daquele momento realizada a defini\u00e7\u00e3o territorial para cada uma das equipes, entre ambas equipes equipe A e B) existiam ent\u00e3o oito ACS.<\/p>\n<p>Em 2010 deu-se in\u00edcio ao processo de amplia\u00e7\u00e3o das \u00e1reas de cobertura por ACS, tendo o processo terminado em 2011 com quatro novas \u00e1reas Cobertas com ACS ampliando bastante o percentual de popula\u00e7\u00e3o beneficiada.<\/p>\n<p><span style=\"color: black;\">No dia 19 de novembro de 2012 foi inaugurada a unidade da Jardim Petropolis, sendo que a mesma foi constitu\u00edta pela equipe B. Ficando na Sulina apenas a equipe A.<br \/>\n<\/span><\/p>\n","protected":false},"excerpt":{"rendered":"<p>Sulina Contatos Telefone: (55) 3513-5181 | 99660-8289 Email: ubssulina@fumssar.com.br &#8212; Endere\u00e7o Travessa Tapes, 220, Sulina,&#8230;<\/p>\n","protected":false},"author":1,"featured_media":0,"parent":35,"menu_order":0,"comment_status":"closed","ping_status":"open","template":"","meta":{"footnotes":""},"_links":{"self":[{"href":"http:\/\/www.fumssar.com.br\/index.php?rest_route=\/wp\/v2\/pages\/37"}],"collection":[{"href":"http:\/\/www.fumssar.com.br\/index.php?rest_route=\/wp\/v2\/pages"}],"about":[{"href":"http:\/\/www.fumssar.com.br\/index.php?rest_route=\/wp\/v2\/types\/page"}],"author":[{"embeddable":true,"href":"http:\/\/www.fumssar.com.br\/index.php?rest_route=\/wp\/v2\/users\/1"}],"replies":[{"embeddable":true,"href":"http:\/\/www.fumssar.com.br\/index.php?rest_route=%2Fwp%2Fv2%2Fcomments&post=37"}],"version-history":[{"count":27,"href":"http:\/\/www.fumssar.com.br\/index.php?rest_route=\/wp\/v2\/pages\/37\/revisions"}],"predecessor-version":[{"id":17704,"href":"http:\/\/www.fumssar.com.br\/index.php?rest_route=\/wp\/v2\/pages\/37\/revisions\/17704"}],"up":[{"embeddable":true,"href":"http:\/\/www.fumssar.com.br\/index.php?rest_route=\/wp\/v2\/pages\/35"}],"wp:attachment":[{"href":"http:\/\/www.fumssar.com.br\/index.php?rest_route=%2Fwp%2Fv2%2Fmedia&parent=37"}],"curies":[{"name":"wp","href":"https:\/\/api.w.org\/{rel}","templated":true}]}}

Unidades de Saúde > Posto de Saúde Sulina > Sobre o Posto

<h3><strong>Sulina</strong></h3>
<h4><strong>Contatos</strong></h4>
<p><strong>Telefone:</strong> (55) 3513-5181 | 99660-8289<br />
<strong>Email:</strong> ubssulina@fumssar.com.br</p>
<p>&#8212;</p>
<h4><strong>Endereço</strong></h4>
<p>Travessa Tapes, 220, Sulina, Santa Rosa &#8211; RS</p>
<p><iframe loading="lazy" style="border: 0;" src="https://www.google.com/maps/embed?pb=!1m18!1m12!1m3!1d1059.7061771743486!2d-54.495154669516374!3d-27.87250758653367!2m3!1f0!2f0!3f0!3m2!1i1024!2i768!4f13.1!3m3!1m2!1s0x0%3A0x0!2zMjfCsDUyJzIxLjAiUyA1NMKwMjknNDAuMiJX!5e1!3m2!1spt-BR!2sbr!4v1467917730583" width="400" height="300" frameborder="0" allowfullscreen="allowfullscreen"></iframe></p>
<p>&#8212;</p>
<h4><strong>Horário de Atendimento</strong></h4>
<p><strong>Segunda à Sexta-Feira</strong><br />
<strong>Manhã:</strong> 7:30 às 11:15<br />
<strong>Tarde:</strong> 13:30 às 17:15</p>
<p>&#8212;</p>
<h4><strong>Equipe</strong></h4>
<p><a href="http://www.fumssar.com.br/wp-content/uploads/2016/10/Sulina.pdf" target="_blank" rel="noopener noreferrer"><img decoding="async" class="" src="http://www.fumssar.com.br/wp-content/uploads/2016/10/botao-profissionais-da-UBS.jpg" alt="" width="" height="" /></a></p>
<p>&#8212;</p>
<h4><strong>Histórico</strong></h4>
<p>O início dos atendimentos junto a comunidade da Sulina deu-se na estrutura física do SESI, já em período anterior a 1994 com o atendimento ambulatorial por médico clínico, pediatra, ginecologista, enfermeiro, no entanto não conseguimos resgatar, muitos dados desta história.</p>
<p>Na administração do então prefeito Osmar Terra houve a reestruturação do serviço para a lógica da PSF em 1996, no entanto a estrutura física continuava precária junto as SESI.</p>
<p>A câmara de vereadores procurada por funcionários em busca de melhores condições de trabalho e sensível à demanda dos mesmos, repassou dinheiro aos cofres municipais para a construção de uma nova unidade de saúde. Em outubro de 2004 a obra foi empenhada, tendo, no entanto sido finalizada e inaugurada apenas em novembro de 2006.</p>
<p>Desde o início o Posto de Saúde foi construído pensando na lógica de duas ESF, atendendo no mesmo espaço físico, A construção iniciou-se na Gestão do Presidente da FUMSSAR – Joel Faccin e como diretora da Atenção Básica à Saúde a Srª Rosemeri Krieser, e finalizada em 2006 na gestão do Presidente da FUMSSAR Sr. David Pereira da Silva e Diretora da Atenção Básica à Saúde a Srª. Maria Benilde Scherer.</p>
<p>No entanto apesar da estrutura física instalada até 2009 o atendimento a população era realizado por apenas uma equipe de PSF, além de um médico clínico 20 horas e uma pediatra 20 horas.</p>
<p>A partir se 2009 na gestão da Presidenta da FUMSSAR- Karina Wahhab Kucharski e como Diretora da Atenção Básica à Saúde a Srª Glaci Weber Gauger, foi implantada a segunda equipe da Estratégia de Saúde da Família, tendo sido a partir daquele momento realizada a definição territorial para cada uma das equipes, entre ambas equipes equipe A e B) existiam então oito ACS.</p>
<p>Em 2010 deu-se início ao processo de ampliação das áreas de cobertura por ACS, tendo o processo terminado em 2011 com quatro novas áreas Cobertas com ACS ampliando bastante o percentual de população beneficiada.</p>
<p><span style="color: black;">No dia 19 de novembro de 2012 foi inaugurada a unidade da Jardim Petropolis, sendo que a mesma foi constituíta pela equipe B. Ficando na Sulina apenas a equipe A.<br />
</span></p>

<p>Sulina Contatos Telefone: (55) 3513-5181 | 99660-8289 Email: ubssulina@fumssar.com.br &#8212; Endereço Travessa Tapes, 220, Sulina,&#8230;</p>
