{"id":242,"date":"2013-12-04T10:51:45","date_gmt":"2013-12-04T10:51:45","guid":{"rendered":"http:\/\/www.fumssar.com.br\/?page_id=242"},"modified":"2026-01-22T09:27:58","modified_gmt":"2026-01-22T12:27:58","slug":"concursos-e-selecoes-publicas","status":"publish","type":"page","link":"http:\/\/www.fumssar.com.br\/?page_id=242","title":{"rendered":"Publica\u00e7\u00f5es Legais > Concursos e Sele\u00e7\u00f5es P\u00fablicas"},"content":{"rendered":"\n<p><\/p>\n\n\n\n<h4 class=\"wp-block-heading\"><a title=\"2022\" href=\"http:\/\/www.fumssar.com.br\/?page_id=20044\"><\/a><li><a href=\"https:\/\/www.fumssar.com.br\/?page_id=30883\">2026<\/a><a title=\"2022\" href=\"http:\/\/www.fumssar.com.br\/?page_id=20044\"><\/a><\/li><\/h4>\n\n\n\n<h4 class=\"wp-block-heading\"><a title=\"2022\" href=\"http:\/\/www.fumssar.com.br\/?page_id=20044\"><\/a><li><a style=\"font-size: revert; font-weight: revert;\" href=\"https:\/\/www.fumssar.com.br\/?page_id=29198\">2025<\/a><\/li><p><a title=\"2022\" href=\"http:\/\/www.fumssar.com.br\/?page_id=20044\"><\/a><\/p><\/h4>\n\n\n\n<h4 class=\"wp-block-heading\"><a title=\"2022\" href=\"http:\/\/www.fumssar.com.br\/?page_id=20044\"><\/a><li><a title=\"2022\" href=\"http:\/\/www.fumssar.com.br\/?page_id=20044\"><\/a><a href=\"http:\/\/www.fumssar.com.br\/?page_id=26074\">2024<\/a><\/li><p><a title=\"2022\" href=\"http:\/\/www.fumssar.com.br\/?page_id=20044\"><\/a><\/p><\/h4>\n\n\n\n<h4 class=\"wp-block-heading\"><a title=\"2022\" href=\"http:\/\/www.fumssar.com.br\/?page_id=20044\"><\/a><li><a title=\"2022\" href=\"http:\/\/www.fumssar.com.br\/?page_id=20044\"><\/a><a href=\"http:\/\/www.fumssar.com.br\/?page_id=23088\">2023<\/a><\/li><p><a title=\"2022\" href=\"http:\/\/www.fumssar.com.br\/?page_id=20044\"><\/a><\/p><\/h4>\n\n\n\n<h4 class=\"wp-block-heading\"><a title=\"2022\" href=\"http:\/\/www.fumssar.com.br\/?page_id=20044\"><\/a><li><a title=\"2022\" href=\"http:\/\/www.fumssar.com.br\/?page_id=20044\"><\/a><a href=\"http:\/\/www.fumssar.com.br\/?page_id=20044\">2022<\/a><\/li><p><a title=\"2022\" href=\"http:\/\/www.fumssar.com.br\/?page_id=20044\"><\/a><\/p><\/h4>\n\n\n\n<h4 class=\"wp-block-heading\"><a title=\"2018\" href=\"http:\/\/www.fumssar.com.br\/?page_id=10925\"><\/a><li><a title=\"2018\" href=\"http:\/\/www.fumssar.com.br\/?page_id=10925\"><\/a><a href=\"http:\/\/www.fumssar.com.br\/?page_id=16100\">2021<\/a><\/li><p><a title=\"2018\" href=\"http:\/\/www.fumssar.com.br\/?page_id=10925\"><\/a><\/p><\/h4>\n\n\n\n<h4 class=\"wp-block-heading\"><a title=\"2018\" href=\"http:\/\/www.fumssar.com.br\/?page_id=10925\"><\/a><li><a title=\"2018\" href=\"http:\/\/www.fumssar.com.br\/?page_id=10925\"><\/a><a href=\"http:\/\/www.fumssar.com.br\/?page_id=15823\">2020<\/a><\/li><p><a title=\"2018\" href=\"http:\/\/www.fumssar.com.br\/?page_id=10925\"><\/a><\/p><\/h4>\n\n\n\n<h4 class=\"wp-block-heading\"><a title=\"2018\" href=\"http:\/\/www.fumssar.com.br\/?page_id=10925\"><\/a><li><a title=\"2018\" href=\"http:\/\/www.fumssar.com.br\/?page_id=10925\"><\/a><a href=\"http:\/\/www.fumssar.com.br\/?page_id=13698\">2019<\/a><\/li><p><a title=\"2018\" href=\"http:\/\/www.fumssar.com.br\/?page_id=10925\"><\/a><\/p><\/h4>\n\n\n\n<h4 class=\"wp-block-heading\"><a title=\"2018\" href=\"http:\/\/www.fumssar.com.br\/?page_id=10925\"><li>2018<\/li><\/a><p><a title=\"2018\" href=\"http:\/\/www.fumssar.com.br\/?page_id=10925\"><\/a><\/p><\/h4>\n\n\n\n<h4 class=\"wp-block-heading\"><a title=\"2017\" href=\"http:\/\/www.fumssar.com.br\/?page_id=9560\"><li>2017<\/li><\/a><p><a title=\"2017\" href=\"http:\/\/www.fumssar.com.br\/?page_id=9560\"><\/a><\/p><\/h4>\n\n\n\n<h4 class=\"wp-block-heading\"><a title=\"2016\" href=\"http:\/\/www.fumssar.com.br\/?page_id=6412\"><li>2016<\/li><\/a><p><a title=\"2016\" href=\"http:\/\/www.fumssar.com.br\/?page_id=6412\"><\/a><\/p><\/h4>\n\n\n\n<h4 class=\"wp-block-heading\"><a title=\"2015\" href=\"http:\/\/www.fumssar.com.br\/?page_id=3237\"><li>2015<\/li><\/a><p><a title=\"2015\" href=\"http:\/\/www.fumssar.com.br\/?page_id=3237\"><\/a><\/p><\/h4>\n\n\n\n<h4 class=\"wp-block-heading\"><a title=\"2014\" href=\"http:\/\/www.fumssar.com.br\/?page_id=505\"><li>2014<\/li><\/a><p><a title=\"2014\" href=\"http:\/\/www.fumssar.com.br\/?page_id=505\"><\/a><\/p><\/h4>\n","protected":false},"excerpt":{"rendered":"<p>2026 2025 2024 2023 2022 2021 2020 2019 2018 2017 2016 2015 2014<\/p>\n","protected":false},"author":1,"featured_media":0,"parent":214,"menu_order":0,"comment_status":"closed","ping_status":"open","template":"","meta":{"footnotes":""},"_links":{"self":[{"href":"http:\/\/www.fumssar.com.br\/index.php?rest_route=\/wp\/v2\/pages\/242"}],"collection":[{"href":"http:\/\/www.fumssar.com.br\/index.php?rest_route=\/wp\/v2\/pages"}],"about":[{"href":"http:\/\/www.fumssar.com.br\/index.php?rest_route=\/wp\/v2\/types\/page"}],"author":[{"embeddable":true,"href":"http:\/\/www.fumssar.com.br\/index.php?rest_route=\/wp\/v2\/users\/1"}],"replies":[{"embeddable":true,"href":"http:\/\/www.fumssar.com.br\/index.php?rest_route=%2Fwp%2Fv2%2Fcomments&post=242"}],"version-history":[{"count":23,"href":"http:\/\/www.fumssar.com.br\/index.php?rest_route=\/wp\/v2\/pages\/242\/revisions"}],"predecessor-version":[{"id":30888,"href":"http:\/\/www.fumssar.com.br\/index.php?rest_route=\/wp\/v2\/pages\/242\/revisions\/30888"}],"up":[{"embeddable":true,"href":"http:\/\/www.fumssar.com.br\/index.php?rest_route=\/wp\/v2\/pages\/214"}],"wp:attachment":[{"href":"http:\/\/www.fumssar.com.br\/index.php?rest_route=%2Fwp%2Fv2%2Fmedia&parent=242"}],"curies":[{"name":"wp","href":"https:\/\/api.w.org\/{rel}","templated":true}]}}