{"id":231,"date":"2013-12-02T15:25:09","date_gmt":"2013-12-02T15:25:09","guid":{"rendered":"http:\/\/www.fumssar.com.br\/?page_id=231"},"modified":"2023-09-22T08:20:27","modified_gmt":"2023-09-22T11:20:27","slug":"departamento-de-gestao-administrativa","status":"publish","type":"page","link":"http:\/\/www.fumssar.com.br\/?page_id=231","title":{"rendered":"Departamento de Gest\u00e3o Administrativa"},"content":{"rendered":"<h3><strong>Departamento de Gest\u00e3o Administrativa<\/strong><\/h3>\n<h4><strong>Contatos<\/strong><\/h4>\n<p><strong>Telefone:<\/strong> (55) 3513-5104 | 3513-5103<br \/>\n<strong>Email:<\/strong> administrativo@fumssar.com.br<\/p>\n<p>&#8212;<\/p>\n<h4><strong>Endere\u00e7o<\/strong><\/h4>\n<p>Rua Francisco Timm, 480, Centro, Santa Rosa &#8211; RS, 98.780-803<\/p>\n<p><iframe loading=\"lazy\" style=\"border: 0;\" src=\"https:\/\/www.google.com\/maps\/embed?pb=!1m18!1m12!1m3!1d1041.231337642245!2d-54.48518296234165!3d-27.868571722568547!2m3!1f0!2f0!3f0!3m2!1i1024!2i768!4f13.1!3m3!1m2!1s0x94f9343427dfe3b7%3A0xd098ba264976a973!2sR.+Dr.+Francisco+Timm%2C+480+-+Centro%2C+Santa+Rosa+-+RS%2C+98900-000!5e1!3m2!1spt-BR!2sbr!4v1467921740795\" width=\"400\" height=\"300\" frameborder=\"0\" allowfullscreen=\"allowfullscreen\"><\/iframe><\/p>\n<p>&#8212;<\/p>\n<h4><strong>Atividades<\/strong><\/h4>\n<p align=\"justify\">A Diretoria de Gest\u00e3o Administrativa realiza atos normativos da institui\u00e7\u00e3o e \u00e9 respons\u00e1vel pelo planejamento, coordena\u00e7\u00e3o, orienta\u00e7\u00e3o, dire\u00e7\u00e3o e execu\u00e7\u00e3o das atividades relativas ao or\u00e7amento, finan\u00e7as, contabilidade, transporte, servi\u00e7os auxiliares, obras, manuten\u00e7\u00e3o, material e patrim\u00f4nio.<\/p>\n<p>\u00c9 composta das seguintes Se\u00e7\u00f5es:<\/p>\n<ul>\n<li><a href=\"http:\/\/www.fumssar.com.br\/?page_id=306\">Se\u00e7\u00e3o de Pessoal<\/a><\/li>\n<li><a href=\"http:\/\/www.fumssar.com.br\/?page_id=300\">Se\u00e7\u00e3o Financeira<\/a><\/li>\n<li><a href=\"http:\/\/www.fumssar.com.br\/?page_id=302\">Se\u00e7\u00e3o de Compras<\/a><\/li>\n<li><a href=\"http:\/\/www.fumssar.com.br\/?page_id=304\">Servi\u00e7os Auxiliares<\/a><\/li>\n<\/ul>\n","protected":false},"excerpt":{"rendered":"<p>Departamento de Gest\u00e3o Administrativa Contatos Telefone: (55) 3513-5104 | 3513-5103 Email: administrativo@fumssar.com.br &#8212; Endere\u00e7o Rua&#8230;<\/p>\n","protected":false},"author":1,"featured_media":0,"parent":31,"menu_order":0,"comment_status":"closed","ping_status":"open","template":"","meta":{"footnotes":""},"_links":{"self":[{"href":"http:\/\/www.fumssar.com.br\/index.php?rest_route=\/wp\/v2\/pages\/231"}],"collection":[{"href":"http:\/\/www.fumssar.com.br\/index.php?rest_route=\/wp\/v2\/pages"}],"about":[{"href":"http:\/\/www.fumssar.com.br\/index.php?rest_route=\/wp\/v2\/types\/page"}],"author":[{"embeddable":true,"href":"http:\/\/www.fumssar.com.br\/index.php?rest_route=\/wp\/v2\/users\/1"}],"replies":[{"embeddable":true,"href":"http:\/\/www.fumssar.com.br\/index.php?rest_route=%2Fwp%2Fv2%2Fcomments&post=231"}],"version-history":[{"count":15,"href":"http:\/\/www.fumssar.com.br\/index.php?rest_route=\/wp\/v2\/pages\/231\/revisions"}],"predecessor-version":[{"id":25219,"href":"http:\/\/www.fumssar.com.br\/index.php?rest_route=\/wp\/v2\/pages\/231\/revisions\/25219"}],"up":[{"embeddable":true,"href":"http:\/\/www.fumssar.com.br\/index.php?rest_route=\/wp\/v2\/pages\/31"}],"wp:attachment":[{"href":"http:\/\/www.fumssar.com.br\/index.php?rest_route=%2Fwp%2Fv2%2Fmedia&parent=231"}],"curies":[{"name":"wp","href":"https:\/\/api.w.org\/{rel}","templated":true}]}}