{"id":146,"date":"2013-11-29T18:14:14","date_gmt":"2013-11-29T18:14:14","guid":{"rendered":"http:\/\/www.fumssar.com.br\/?page_id=146"},"modified":"2021-06-23T15:14:04","modified_gmt":"2021-06-23T18:14:04","slug":"sobre-o-posto","status":"publish","type":"page","link":"http:\/\/www.fumssar.com.br\/?page_id=146","title":{"rendered":"Unidades de Sa\u00fade > Posto de Sa\u00fade Sete de Setembro > Sobre o Posto"},"content":{"rendered":"<h3><strong>Sete de Setembro<\/strong><\/h3>\n<h4><strong>Contatos<\/strong><\/h4>\n<p><strong>Telefone:<\/strong> (55) 3513-5180 | 99634-6035<br \/>\n<strong>Email:<\/strong> ubssetedesetembro@fumssar.com.br<\/p>\n<p>&#8212;<\/p>\n<h4><strong>Endere\u00e7o<\/strong><\/h4>\n<p>Interior, Sete de Setembro, Santa Rosa &#8211; RS<\/p>\n<p><iframe loading=\"lazy\" style=\"border: 0;\" src=\"https:\/\/www.google.com\/maps\/embed?pb=!1m18!1m12!1m3!1d1260.7923908132275!2d-54.58064655692345!3d-27.904450317970365!2m3!1f0!2f0!3f0!3m2!1i1024!2i768!4f13.1!3m3!1m2!1s0x0%3A0x0!2zMjfCsDU0JzE2LjAiUyA1NMKwMzQnNDcuNSJX!5e1!3m2!1spt-BR!2sbr!4v1467915558071\" width=\"400\" height=\"300\" frameborder=\"0\" allowfullscreen=\"allowfullscreen\"><\/iframe><\/p>\n<p>&#8212;<\/p>\n<h4><strong>Equipe<\/strong><\/h4>\n<p><a href=\"http:\/\/www.fumssar.com.br\/wp-content\/uploads\/2016\/10\/Sete-de-Setembro.pdf\" target=\"_blank\" rel=\"noopener noreferrer\"><img decoding=\"async\" class=\"\" src=\"http:\/\/www.fumssar.com.br\/wp-content\/uploads\/2016\/10\/botao-profissionais-da-UBS.jpg\" alt=\"\" width=\"\" height=\"\" \/><\/a><\/p>\n<p>&#8212;<\/p>\n<h4><strong>Hist\u00f3rico<\/strong><\/h4>\n<p>A unidade de sa\u00fade teve o in\u00edcio de suas atividades em agosto de 1980. Contava com o atendimento di\u00e1rio de um auxiliar de servi\u00e7os m\u00e9dicos e um m\u00e9dico cl\u00ednico geral duas vezes por semana.<\/p>\n<p>Distante 13 km da sede da FUMSSAR, faz divisa com os munic\u00edpios de Santo Cristo, Giru\u00e1, Ubiretama, Senador Salgado Filho, C\u00e2ndido God\u00f3i. Atende \u00e0s seguintes localidades: Linha Boa Vista, Linha Das Flores, Linha Cascata, Linha Dr. Pedro De Toledo, Linha Federa\u00e7\u00e3o, Linha Mirim, Linha Sete Norte, Linha Sete Sul, Linha, Treze De Maio, Linha Quinze De Novembro e Vila Sete De Setembro.<\/p>\n","protected":false},"excerpt":{"rendered":"<p>Sete de Setembro Contatos Telefone: (55) 3513-5180 | 99634-6035 Email: ubssetedesetembro@fumssar.com.br &#8212; Endere\u00e7o Interior, Sete&#8230;<\/p>\n","protected":false},"author":1,"featured_media":0,"parent":144,"menu_order":0,"comment_status":"closed","ping_status":"open","template":"","meta":{"footnotes":""},"_links":{"self":[{"href":"http:\/\/www.fumssar.com.br\/index.php?rest_route=\/wp\/v2\/pages\/146"}],"collection":[{"href":"http:\/\/www.fumssar.com.br\/index.php?rest_route=\/wp\/v2\/pages"}],"about":[{"href":"http:\/\/www.fumssar.com.br\/index.php?rest_route=\/wp\/v2\/types\/page"}],"author":[{"embeddable":true,"href":"http:\/\/www.fumssar.com.br\/index.php?rest_route=\/wp\/v2\/users\/1"}],"replies":[{"embeddable":true,"href":"http:\/\/www.fumssar.com.br\/index.php?rest_route=%2Fwp%2Fv2%2Fcomments&post=146"}],"version-history":[{"count":12,"href":"http:\/\/www.fumssar.com.br\/index.php?rest_route=\/wp\/v2\/pages\/146\/revisions"}],"predecessor-version":[{"id":17716,"href":"http:\/\/www.fumssar.com.br\/index.php?rest_route=\/wp\/v2\/pages\/146\/revisions\/17716"}],"up":[{"embeddable":true,"href":"http:\/\/www.fumssar.com.br\/index.php?rest_route=\/wp\/v2\/pages\/144"}],"wp:attachment":[{"href":"http:\/\/www.fumssar.com.br\/index.php?rest_route=%2Fwp%2Fv2%2Fmedia&parent=146"}],"curies":[{"name":"wp","href":"https:\/\/api.w.org\/{rel}","templated":true}]}}

Unidades de Saúde > Posto de Saúde Sete de Setembro > Sobre o Posto

<h3><strong>Sete de Setembro</strong></h3>
<h4><strong>Contatos</strong></h4>
<p><strong>Telefone:</strong> (55) 3513-5180 | 99634-6035<br />
<strong>Email:</strong> ubssetedesetembro@fumssar.com.br</p>
<p>&#8212;</p>
<h4><strong>Endereço</strong></h4>
<p>Interior, Sete de Setembro, Santa Rosa &#8211; RS</p>
<p><iframe loading="lazy" style="border: 0;" src="https://www.google.com/maps/embed?pb=!1m18!1m12!1m3!1d1260.7923908132275!2d-54.58064655692345!3d-27.904450317970365!2m3!1f0!2f0!3f0!3m2!1i1024!2i768!4f13.1!3m3!1m2!1s0x0%3A0x0!2zMjfCsDU0JzE2LjAiUyA1NMKwMzQnNDcuNSJX!5e1!3m2!1spt-BR!2sbr!4v1467915558071" width="400" height="300" frameborder="0" allowfullscreen="allowfullscreen"></iframe></p>
<p>&#8212;</p>
<h4><strong>Equipe</strong></h4>
<p><a href="http://www.fumssar.com.br/wp-content/uploads/2016/10/Sete-de-Setembro.pdf" target="_blank" rel="noopener noreferrer"><img decoding="async" class="" src="http://www.fumssar.com.br/wp-content/uploads/2016/10/botao-profissionais-da-UBS.jpg" alt="" width="" height="" /></a></p>
<p>&#8212;</p>
<h4><strong>Histórico</strong></h4>
<p>A unidade de saúde teve o início de suas atividades em agosto de 1980. Contava com o atendimento diário de um auxiliar de serviços médicos e um médico clínico geral duas vezes por semana.</p>
<p>Distante 13 km da sede da FUMSSAR, faz divisa com os municípios de Santo Cristo, Giruá, Ubiretama, Senador Salgado Filho, Cândido Godói. Atende às seguintes localidades: Linha Boa Vista, Linha Das Flores, Linha Cascata, Linha Dr. Pedro De Toledo, Linha Federação, Linha Mirim, Linha Sete Norte, Linha Sete Sul, Linha, Treze De Maio, Linha Quinze De Novembro e Vila Sete De Setembro.</p>

<p>Sete de Setembro Contatos Telefone: (55) 3513-5180 | 99634-6035 Email: ubssetedesetembro@fumssar.com.br &#8212; Endereço Interior, Sete&#8230;</p>
